uate 7 - 0 - (-3 + 5).
5
Calculate 1 - (-7 - -5) - 1.
2
Evaluate 0 + 1 + (6 - (5 + 5)).
-3
What is 10 + -8 + -1 - 7?
-6
Evaluate 3 + (-18 - -11) + -5.
-9
What is -2 + -4 + 7 + (-4 - -1)?
-2
What is the value of 6 - (7 - (12 + -7 + 2))?
6
Evaluate (-6 - 3 - -14) + -8.
-3
Calculate -4 + 2 + -3 - -2 - 1.
-4
What is the value of 4 + -8 + 8 + -3?
1
Calculate -7 + 3 + 10 + -1.
5
Evaluate -13 + 20 + 2 - 16.
-7
Calculate 1 - (8 - (4 + 6 + -4)).
-1
What is the value of -1 - -1 - (-8 - -7) - -3?
4
(1 - 2) + (-42 - -44)
1
What is -1 + 1 + (13 - 10 - 3)?
0
Calculate 5 - (-1 - (3 - 5)).
4
-2 + -1 + 1 + 2
0
Calculate -1 + 6 - (7 + -6).
4
What is -3 + 7 + -16 - -6 - -2?
-4
What is the value of 0 + 5 + 1 + -7?
-1
What is the value of 8 - (0 + 8) - (-1 - 4)?
5
What is the value of (-2 + (11 - -6) - 3) + -6?
6
Calculate 2 + 0 + (-1 - -4).
5
What is the value of 0 + -3 - (1 - 0) - -6?
2
Calculate (-1 - 5) + (-2 - (7 + -6)).
-9
What is the value of (-5 - (-2 + -1) - -6) + -5?
-1
-4 + (1 - 4 - -7)
0
What is the value of ((-6 - -1) + 3 - -3) + -5?
-4
What is -2 + -8 + (6 - 11) + 7?
-8
Calculate -3 - -8 - -1 - (5 + -1).
2
-2 + -3 - (1 + -1 + -1)
-4
Calculate -5 - (3 - (-1 - -6)).
-3
What is -5 + (4 - (-1 + 2))?
-2
Calculate 1 + (-3 + 4 - (2 - 5)).
5
What is the value of (5 - (3 + -1 + -3)) + 2?
8
-8 + (6 - 0) - -8
6
Evaluate -9 + 4 + 9 + 1 + 1.
6
What is 9 + -14 + (-4 - -5) + 6?
2
Evaluate ((-7 - -4) + 5 - 2) + 5.
5
Calculate 4 - (5 - (-2 + -4 - -12)).
5
-12 + -1 - -6 - (-2 - 0)
-5
What is -6 + (6 - -1) + 24 + -23?
2
Calculate -8 + (-8 - -6) + 16.
6
What is the value of (-4 - (1 + -4 + 3)) + -1?
-5
What is 1 + (0 - -2) - -2?
5
What is the value of -3 - (-2 - -9 - (1 + 4))?
-5
Evaluate -8 + 0 + -5 + 14.
1
What is the value of 13 - -2 - 5 - (1 + 3)?
6
What is the value of 2 + (1 - 2) - (-3 - -1)?
3
-4 - -1 - -3 - 3
-3
Calculate -30 + 25 - (-1 + -5).
1
Calculate 4 - -2 - (4 + 11).
-9
Evaluate -3 - (-2 - -2 - (-8 - -16)).
5
3 - (-7 + (6 - (0 - -2)))
6
Evaluate (8 - -1 - 13) + (-4 - -12).
4
What is -2 + (-4 - -6) - -5?
5
Calculate 2 + -2 - (0 + 6 - 3).
-3
-8 + (-2 - -6) - -9
5
2 + 12 + (-10 - 1)
3
Evaluate -39 + 36 + 0 + 1.
-2
What is the value of -2 + 5 - (-5 - -3) - -2?
7
Evaluate 4 - -1 - (11 - 2).
-4
Evaluate 0 + -1 + (-4 - -1).
-4
What is the value of (2 + -12 - 2) + 3?
-9
Calculate 2 + (-10 - -5) + (14 - 16).
-5
Calculate 3 + 1 + -2 - 6 - 0.
-4
Calculate -8 - (-33 - (0 - 14)).
11
Evaluate 1 + (7 - 15 - 1).
-8
Evaluate -4 + (-1 - -9 - -5).
9
Evaluate -8 - (-17 - (10 + -15)).
4
What is the value of (-9 - (-11 - 5)) + -1 + -11?
-5
3 + 3 - 2 - -1
5
(1 + -2 - 0) + (10 - 8)
1
What is the value of 3 + -4 + 5 - (10 + -2)?
-4
7 - (9 - 8) - (-3 + 3)
6
(2 - -2) + (4 + -8 - 1)
-1
What is -15 - 0 - (-68 + 58)?
-5
Calculate 4 - (-1 + 10 - (3 - 0)).
-2
Calculate -2 - -1 - -4 - 4.
-1
What is the value of (-4 - 2) + -3 + 9 + -7?
-7
What is (-28 - -30) + (1 - -1)?
4
What is the value of 9 - 7 - (5 - -2 - 0)?
-5
Calculate 2 - (8 - (-1 + 3)).
-4
What is the value of -3 - ((1 - 3) + 0)?
-1
What is 0 - 5 - 1 - -8?
2
Calculate -4 + (3 - -1) + 1.
1
1 + -7 - (-17 - -3) - 3
5
What is (0 - -2) + (-3 - 2)?
-3
9 + (-1 - 3) - 3
2
What is 2 + -1 - (3 + 1 + -3)?
0
What is the value of -3 + (6 - (-4 - -9)) - -2?
0
What is the value of -2 - (-3 - 2) - (11 - 13)?
5
Calculate -36 - -37 - (9 + -2).
-6
Evaluate -14 + -3 - (-3 - 5).
-9
What is the value of 4 + 1 + -2 + -1 + 3?
5
(2 - 4) + (-1 - 4) + 5
-2
-1 + (9 - 3) - 6
-1
Evaluate 1 + 2 - (2 - 13 - -9).
5
What is the value of -1 + 0 - -4 - (4 - 2)?
1
Calculate (0 - 4) + 3 + -1 + -2.
-4
What is the value of 2 + (8 - (-9 - -22))?
-3
Calculate -3 + (3 - 2) - (-2 - -3).
-3
-1 - (-6 + 3) - (2 + -4)
4
What is 0 - (-3 - -5) - -1 - 3?
-4
Calculate 9 + (-1 + -1 - 9).
-2
-7 - -13 - (5 - 7)
8
-1 + 5 - (1 - (-8 + 3))
-2
Calculate 1 + -8 + 25 + -20.
-2
-2 - (-3 - 2) - 4
-1
Evaluate -1 + (-7 - -15) + (0 - 4).
3
What is -134 + 134 + (0 - (-12 - -2))?
10
(-2 + 3 - 2) + 4
3
What is the value of -3 + (-5 - (-3 - 5) - 4)?
-4
Calculate 15 + 2 - (7 + -9 - -10).
9
What is the value of 4 + (-1 - (0 + 3)) + 0?
0
What is 0 + -8 + 60 + -53?
-1
What is -4 - (-9 + 1) - (-2 + 1)?
5
What is 7 + 1 + -14 - 2?
-8
Calculate (-5 - 0) + (-3 - (3 - 8)).
-3
Evaluate 12 + -5 + (-6 - (-3 + -1)).
5
Calculate 1 - (4 + -5 + 1).
1
What is the value of 30 - 55 - (2 - 16)?
-11
4 - (-7 - (3 + -11 + 5))
8
10 + 10 + -17 - 2
1
-17 - (6 + -14 + -2 - -3)
-10
What is 0 - -1 - (-16 - -16)?
1
Calculate (1 + 0 - 4) + 43 + -44.
-4
What is the value of -4 + 9 + 2 + -6?
1
What is the value of -15 + 6 - (-5 + -1)?
-3
18 - 10 - (-1 - -5)
4
Calculate -1 + (-2 - (3 + -1)) + 1.
-4
What is the value of -1 + -1 - (5 + -3 - 5)?
1
What is the value of -3 + 3 + 8 + -12?
-4
What is the value of -2 - (2 + 5) - -5?
-4
Evaluate 11 + -13 + (1 - 2).
-3
What is the value of -7 + 0 - 2 - (0 + -6)?
-3
Evaluate 0 + 1 - (-4 + 3).
2
Calculate (-2 - (11 - 7)) + 6.
0
0 + 2 + (-6 - -12) + -10
-2
What is -57 + 66 + (-2 - 2)?
5
(14 - 17) + (-3 - -4) + 0
-2
What is the value of 13 - ((-1 - 2) + 9)?
7
What is -1 + -2 + 4 + 1?
2
Calculate 2 + 1 + -1 - (-1 - -2).
1
(-1 - (5 - -1)) + 5
-2
Evaluate -5 + 9 + 1 + -2 + -5.
-2
(-1 - 0 - (38 - 44)) + -6
-1
Evaluate (2 - 2) + 1 + -4 + 2.
-1
What is the value of 2 + -4 + (0 - -3)?
1
Calculate -4 + (14 - (0 + 6)).
4
What is -17 - ((-4 - 7) + 2)?
-8
Calculate -17 + 21 + 4 + -2.
6
What is 2 - ((-3 - (-3 + -1)) + 1)?
0
What is -4 - (-9 - -4) - -2?
3
(8 + -7 - (-2 - 1)) + -6
-2
Evaluate -2 + (1 - 2 - (-1 + -1)).
-1
What is 1 + 2 + (6 - 12)?
-3
What is the value of -7 - ((-4 - -6 - -4) + -22)?
9
Calculate (3 + -8 - (1 - 2)) + -2.
-6
Evaluate 6 + -3 - (-2 - (-13 + 3)).
-5
What is the value of -3 + (0 - (-2 - (-7 - -2)))?
-6
Evaluate -1 - (3 - 1 - 1).
-2
What is 11 - ((-1 - 1) + 3 - -3)?
7
What is the value of 5 - (0 + -2 - (-4 + -6))?
-3
Evaluate ((2 - 7) + 2 - -3) + 0.
0
Calculate 2 + (-2 - 0) + 4.
4
What is the value of (4 - 4) + 0 + 0?
0
Evaluate 0 - 5 - (-7 - (-1 - 4)).
-3
Evaluate -3 - (15 - 7 - (3 + 3)).
-5
Evaluate 2 - -1 - (13 - 7).
-3
Calculate (10 - (4 - 7)) + -9 - 15.
-11
What is (-2 + -4 - -5) + 6 - -2?
7
What is (5 - 3) + 2 + -7 - -2?
-1
Calculate 9 + 1 + (-13 - -13 - 6).
4
What is 6 + (-4 - 8) + 1?
-5
-1 - (-1 - 0 - 5)
5
What is 14 + (3 - (-6 + (4 - -9)))?
10
Calculate 1 + (-5 - -1) - (-2 + 3).
-4
Evaluate 1 + 4 + (17 - (-4 + 20)).
6
5 - ((-1 - 0) + -11 + 15)
2
Calculate -13 + -3 + 27 + -4.
7
Calculate 2 + (5 - -1) - 2 - 6.
0
(11 - 12) + -2 + 10 + -3
4
What is the value of 0 + 2 - (24 - 21) - -5?
4
Evaluate -7 - -1 - (11 - 17).
0
Calculate (1 - 1) + (12 - 14).
-2
Evaluate 4 + 1 - (5 + 5).
-5
What is 3 + -8 + (15 - 7)?
3
Evaluate 3 + (0 - 0) + 1.
4
Calculate (22 - 17) + 0 + -1 - 2.
2
Evaluate -1 - -2 - (2 + -3).
2
Calculate -11 - (-6 + -5) - 7.
-7
What is the value of 3 + 1 - (1 + 10 + -8)?
1
Calculate 6 + (-6 - 3 - (-9 + 16)).
-10
Evaluate -2 - 4 - (27 + -31).
-2
What is -4 + 7 + 0 + 1 - 4?
0
Calculate 3 + -9 + -43 + 53.
4
Calculate (2 - 2) + -37 + 34.
-3
What is 2 + 0 - (-3 - -5)?
0
Calculate (-3 - -2) + 0 - (-5 - 0).
4
Calculate 1 - -3 - ((9 - 2) + -3).
0
-3 + 3 + (-6 - -4) + -1
-3
Calculate -3 + 22 + -18 + 8.
9
What is the value of 3 + -3 - (7 - (9 - -4))?
6
Calculate -4 - (-7 + 13 - 6).
-4
Evaluate (1 - 2) + -1 + (-3 - -4).
-1
Evaluate (6 + -5 - 3) + 6.
4
Calculate -49 - -43 - (0 + -1 - 0).
-5
What is the value of -4 + 2 + (6 - 2) + 1?
3
Calculate 3 + -3 + 4 + (2 - 1).
5
Calculate -10 + 17 + -8 + -3.
-4
What is -4 + (-3 - 3) + 12?
2
Calculate -2 - (-3 - (2 - 5)).
-2
What is 1 - (1 - ((4 - 0) + 0))?
4
-2 - -1 - (16 - 15)
-2
Evaluate -1 - (-4 - (3 - (2 + 6))).
-2
Evaluate -2 + 0 + 6 + 6 + -5.
5
Calculate 0 - (-1 + (11 + 0 - 4)).
-6
0 - -5 - (11 - (-7 + 23))
10
What is the value of (-13 - -19) + -11 + 0?
-5
What is 45 + -52 - (-6 - -1)?
-2
Evaluate -64 + 83 - (10 - -1).
8
Calculate (4 - (13 - 0)) + 5 + -2.
-6
Calculate 10 + (0 - (11 - 6)).
5
Evaluate 33 + -38 + (-1 - 6) - -3.
-9
4 + (-9 - 1) + -1 + 3
-4
5 - (-5 + (5 - 2) + 2)
5
Evaluate 4 + -4 + 4 - (0 + 3).
1
What is 1 + (3 - 0) - (2 + -2)?
4
What is 3 + (-1 - 3) - (3 - 6)?
2
What is the value of 1 + (-2 - (0 - (-4 + 2)))?
-3
What is the value of -4 - -2 - (15 - 11) - -15?
9
Calculate (-23 - (-1 - 23)) + 0 + -10.
-9
What is the value 